/5 is divided by s(-5).
15
Let l = -95 - -118. Suppose -3*c + 34 + l = 0. Calculate the remainder when 52 is divided by c.
14
Suppose -16*x = -17*x + 3*d + 85, -5*d = 20. What is the remainder when x is divided by 12?
1
Suppose 128*o - 132*o + 208 = 0. Suppose 2*b + 8 = 6*b. Suppose -f + 4*f = z - 30, -z + b*f = -26. What is the remainder when o is divided by z?
16
Let k = -3 - -6. Let v = 246 + -243. What is the remainder when k is divided by v?
0
Let w(q) = -18*q - 3. Let g = 16 + -18. Let t be w(g). Let x = -23 + t. Calculate the remainder when 47 is divided by x.
7
Let b = -2042 + 2052. Suppose 5*h - 2*h = 177. Suppose 3*n = -4*i - i + h, -2*n + 4*i + 32 = 0. What is the remainder when n is divided by b?
8
Suppose 13*i + 709 = 969. Calculate the remainder when 427 is divided by i.
7
Let g(k) = 4*k - 21 + 10 - 2*k. What is the remainder when g(18) is divided by 14?
11
Suppose -2*q + 90 = q. What is the remainder when (-2 - q/(-9))*78/4 is divided by 15?
11
Let o be 4/9*(-12)/8*3. What is the remainder when (-4)/o*(10 + 1) is divided by 6?
4
Let j(i) = 9*i - 1. Let h(l) = 36*l - 5. Let r(y) = 2*h(y) - 9*j(y). What is the remainder when (1 + 0)/(3/69) is divided by r(-1)?
7
Suppose 99*x + 64 = 101*x + 2*j, -4*x + 4*j + 96 = 0. What is the remainder when 248 is divided by x?
24
Suppose 0 = 20*g - 16*g - 16. Calculate the remainder when 6 is divided by g.
2
Suppose -n + 5*r - 7*r = -27, -4*r - 131 = -3*n. What is the remainder when 6/(-21) - (-765)/7 is divided by n?
35
What is the remainder when (-2 + 4)/(4 - (-155)/(-40)) is divided by 10?
6
Let b(v) = 65*v**2 + 2*v - 1. Let a be b(1). Suppose -a = -j + 29. Calculate the remainder when 6/(-8) - j/(-4) is divided by 6.
5
Suppose -3*t = 3*p - 0*p - 159, 3*p + 233 = 4*t. Suppose -d = -4*i + t, -5*i - 4*d = -8*i + 55. What is the remainder when 51 is divided by i?
12
Suppose 0 = 96*a - 1984 - 800. Suppose -1 = b - 5*m, -2*b - 2*m = -6*m - 4. Calculate the remainder when a is divided by b.
1
Let d be -2 - (-5)/(3/(-3*22)). Let m = d + 120. What is the remainder when m is divided by 4?
0
Calculate the remainder when 3/(15/(-10))*63/(-2) is divided by 5.
3
Let o(q) = -q**3 - 9*q**2 + 6*q - 3. Let l = 41 + -51. What is the remainder when o(l) is divided by 13?
11
Let p = 670 - 604. What is the remainder when 213 is divided by p?
15
Let t(h) = -h**2 + 28*h + 18. What is the remainder when 142 is divided by t(28)?
16
Suppose -44*k - 49 = -51*k. What is the remainder when 130 is divided by k?
4
Let a(z) = -30*z - 20. Calculate the remainder when a(-5) is divided by 22.
20
Suppose 4*x + 3*r = 180, 58*r = -2*x + 57*r + 92. Calculate the remainder when 89 is divided by x.
41
Suppose -3*o = k + 2, -k - 3 - 1 = o. Suppose 0 = -4*h - o - 3. What is the remainder when 12 - ((-2 - h) + -1) is divided by 8?
6
Suppose -291 = -12*y - 99. Calculate the remainder when 44 is divided by y.
12
Suppose 5*q = 3*k + 30 + 77, -124 = 4*k - 2*q. Let y = k + 43. Let p(j) = 27*j**3 - 2*j**2 + j. Calculate the remainder when p(1) is divided by y.
12
Suppose -5*g + 92 = -5*w + 4*w, 5*g + 2*w - 101 = 0. What is the remainder when 88 is divided by g?
12
Suppose 5*q - 5*g - 1645 = 0, 4*q + 5*g = 1404 - 106. Suppose u - 3*v = -u + 167, v = -4*u + q. Calculate the remainder when u is divided by 6.
4
Suppose -5*w + 518 = 4*y - 2*w, 4*y - 5*w = 534. Let m = y - 74. Calculate the remainder when m is divided by 21.
15
Let f(l) = -2*l**3 - 3*l**2 - 5*l + 23. Calculate the remainder when f(-7) is divided by 26.
25
Let r(d) = -28*d + 187. Calculate the remainder when 34 is divided by r(6).
15
Let c(z) = z**3 + 4*z**2 - 13*z + 15. Let n(y) = y**2 + 4*y - 1. Calculate the remainder when c(3) is divided by n(-7).
19
Suppose -68 + 13 = 5*b. Let y(h) = -h + 15. What is the remainder when y(b) is divided by 14?
12
Let w be 3/(14 + -2) - 7/(-4). Suppose -w*p - 54 = -5*d - 0*p, -18 = -2*d - p. What is the remainder when 37 is divided by d?
7
Suppose 3*h = -4*m + 98, -m - m + 4*h + 38 = 0. Let j be (-12)/(-30) + (-14)/10. Calculate the remainder when (j + 0/5)*-67 is divided by m.
21
Suppose 71*t - 22 = 70*t. Let a(b) = -b**3 - 2*b**2 - 8*b - 6. What is the remainder when a(-5) is divided by t?
21
Suppose 42 = j + j. Let v be -2 + (-3 - -42)/3. Suppose v*q = 16*q - 300. Calculate the remainder when q is divided by j.
18
Let r(p) = 17*p - 3. Calculate the remainder when 234 is divided by r(1).
10
Let a(o) = -12*o - 3. Let v be a(-1). What is the remainder when 53 is divided by 3*3/(v/28)?
25
Suppose 35*o - 1650 = 590. Calculate the remainder when 150 is divided by o.
22
Suppose 154*i = 164*i - 2850. Calculate the remainder when i is divided by 67.
17
Let s = -434 - -685. What is the remainder when s is divided by 36?
35
Let y(k) = -7 - 2 + 11*k - 10*k. Calculate the remainder when 46 is divided by y(21).
10
Let y = 54 - 40. What is the remainder when 935 is divided by y?
11
Let s = -2 - 108. What is the remainder when 117 is divided by 22/s + (-172)/(-10)?
15
Suppose 52 = 4*o - 2*o. Let v(a) = -2*a**2 + 16*a - 15. Calculate the remainder when o is divided by v(6).
8
Suppose 0*m - 1254 = -5*y - 2*m, 0 = 4*y - 2*m - 1014. Suppose 63*c - y = 61*c. What is the remainder when c is divided by 8?
6
Let z(s) = 4*s**2 + 38*s - 47. What is the remainder when z(-13) is divided by 24?
15
Let f = -2031 + 3633. Calculate the remainder when f is divided by 107.
104
Let j(q) = -2*q**2 + 34*q + 77. What is the remainder when 73 is divided by j(18)?
32
Let m(j) = 15*j - 37. Let d(l) = 4*l - 9. Let s(c) = 9*d(c) - 2*m(c). Let z(k) = k**3 + 5*k**2 - 5*k + 7. Calculate the remainder when z(-5) is divided by s(4).
15
Suppose 4*s - 39 = 3*b, 0 = -4*s - 4*b - 14 + 74. Let d be 2/(140/69 + -1 - 1). Suppose 4*n = 7*n - d. Calculate the remainder when n is divided by s.
11
What is the remainder when 58 is divided by (15457/26)/29 + (-1)/2?
18
Let l = 28 - 37. Let w(c) = c**3 + 9*c**2 + c + 14. Calculate the remainder when 34 is divided by w(l).
4
Let f(x) = 2*x + 21. Let d be f(-9). Calculate the remainder when ((-1)/(-1))/((-2)/(-34)) is divided by 1 - (-2 - (-1 + d)).
2
Suppose p = 6*p - 210. Suppose 3*d + 0*u - 164 = 2*u, 2*d - u - 108 = 0. Let s = -30 + d. What is the remainder when p is divided by s?
20
Suppose 25 + 1191 = 16*h. Calculate the remainder when 363 is divided by h.
59
Let n(r) = 45*r + 100. What is the remainder when 208 is divided by n(-1)?
43
What is the remainder when 28 - (-1 + 1)*17/34 is divided by 19?
9
Suppose 2*w + 4*w - 168 = 0. Calculate the remainder when 221 is divided by w.
25
Let h be (92/6)/(6/9). Let c = h - -7. Suppose 0*i - 2*i + c = 0. Calculate the remainder when 57 is divided by i.
12
Let i(n) = 22*n**2 + 2*n + 6. Calculate the remainder when i(-2) is divided by 12.
6
Suppose 109*h - 63 = 106*h. Calculate the remainder when 142 is divided by h.
16
Suppose 5*r + 13 = 38. Suppose 13 = 4*l - v, 0 = 3*l - 4*v + r*v - 8. Calculate the remainder when l is divided by 2.
1
Let t(s) = 56*s**2 - 11*s - 32. What is the remainder when t(-2) is divided by 31?
28
Suppose 0 = 9*c - 25*c - 48. Let k(o) = -2*o**3 - 5*o**2 - 6*o - 5. What is the remainder when 62 is divided by k(c)?
18
Suppose 0 = -5*x + 3*u + 128, 4*u - 8*u = -x + 12. Suppose x*a - 10 = 26*a. What is the remainder when 18 is divided by a?
3
Let n = -376 - -440. Let d = 8 + 3. Calculate the remainder when n is divided by d.
9
Let r = 18 - 20. Let d be (-18)/r*16/72. Calculate the remainder when (-44)/(-3 - 1) + d is divided by 8.
5
Let d = 13 + -7. Suppose -35 = -2*x + 3*z, 38*x - 34*x = -2*z + 94. What is the remainder when x is divided by d?
4
Let o(c) = -50*c + 1. Let z(l) = -51*l + 1. Let t(w) = 5*o(w) - 4*z(w). Suppose 4 = -3*q - q. What is the remainder when t(q) is divided by 17?
13
Suppose -3*u + 337 = -41. Suppose -3*v - 3*y = -u, -y = 5*v + y - 198. What is the remainder when v is divided by 10?
8
Suppose 6*h - 2*h = o + 14, -28 = 2*o - 5*h. What is the remainder when 30 is divided by (o + 3)/((4 + -1)/(-3))?
8
Let d(h) = h**2 - h - 6. Let w be d(-5). Suppose 18 = 7*v - w. Let s = 47 - v. Calculate the remainder when s is divided by 11.
8
Let h(l) = -12*l - 463. Calculate the remainder when 123 is divided by h(-39).
3
Let u(b) = -b**3 - 3*b**2 + 2*b - 2. What is the remaind